2.
2
Calculate -1 + 5 + -2 + -4.
-2
What is the value of 46 + -52 - (-5 + 1)?
-2
Evaluate 39 + -42 + -1 + (-2 - -7).
1
Evaluate -4 - (1 + -7 + 3) - 0.
-1
(17 - 15) + (1 - 10)
-7
-5 - (-4 + -4 + 2)
1
What is the value of -9 - (-4 + -5) - -6?
6
What is the value of 2 - (-1 - 1) - (75 + -69)?
-2
What is 1 + 7 - 0 - (-36 - -33)?
11
What is 3 + -11 - (-5 + -2) - -4?
3
Calculate 4 + (2 + -4 - (2 - -1)).
-1
(1 - -1) + -1 - (1 - 3)
3
What is the value of -3 + (0 - -1) + -1 + 3?
0
Calculate (3 - 5) + -4 + -5 - -5.
-6
What is the value of 3 - (10 + (-6 - -12) + -8)?
-5
What is the value of 0 - (0 - (0 + 3) - -6)?
-3
What is 1 - -3 - (-1 - -7)?
-2
What is the value of 56 - 56 - (3 + (2 - 1))?
-4
Calculate (2 - 9 - 2) + (-1 - -4).
-6
Calculate -3 - (1 + 11 + -18).
3
Calculate -4 + (1 - -1) + 1 + 1.
0
What is 16 - (-1 - (-9 + 0))?
8
Evaluate (1 - 4) + 0 + -32 + 31.
-4
What is the value of 11 + (20 - 26) + -2 + -1?
2
Calculate -3 - (-3 - (6 - 2 - 6)).
-2
What is the value of 9 + 1 + (6 - 18)?
-2
(2 - -9) + (-3 - -7) + -7
8
What is the value of -20 + 6 + 5 + -5 - -8?
-6
Evaluate -4 - (-4 + 5) - (2 - 4).
-3
Calculate 6 - (6 + -4 - -2).
2
11 - 3 - (-3 + 14)
-3
Evaluate (6 - 1) + (-4 - -1).
2
What is the value of -4 + (20 - 12) + 5?
9
Calculate 8 + (-8 - (-3 + -1)).
4
What is the value of 3 - (2 - -1 - 0) - 3?
-3
What is the value of (9 - (0 - (-1 + -2))) + -2?
4
What is the value of -3 + 47 + -49 + 12 + 0?
7
(5 - 12 - -12) + 0 + -1
4
What is the value of -3 - (9 + -13 + 6)?
-5
3 - -3 - (-16 - -25)
-3
What is (-2 - -10) + (-2 - 2)?
4
(7 - (21 + -6 - -3)) + 4
-7
What is the value of 10 + -6 - (0 - -5) - -3?
2
Evaluate (-5 - -11 - -3) + -7.
2
What is 22 + -13 - (1 - -7)?
1
(5 - 1) + (-17 - -15)
2
5 + -6 + 9 + -2
6
What is the value of -6 - (-2 - 2) - (-3 - -2)?
-1
What is -5 + (25 - (-3 + 10)) + -7?
6
Calculate -1 - (-11 + 1) - (-128 - -132).
5
0 + 5 + -103 + 94
-4
What is -8 + 15 + (-15 - -10)?
2
Evaluate 3 + -2 + -2 + 22 + -25.
-4
Calculate -1 + (10 - 3) + 0 - 2.
4
Evaluate 3 + -4 - (-16 - -22).
-7
Calculate 0 - (-3 + -3 + 11 + -2).
-3
(-8 - -5) + (1 - 1)
-3
What is the value of -2 - (-2 + (2 - (3 + -2)))?
-1
What is -9 - (11 - 3 - 15)?
-2
What is the value of -3 + ((4 - 1) + -1 - 4)?
-5
What is -8 + 25 - (0 + 7 + 2)?
8
(-1 - -2) + (5 - (-2 - -4))
4
What is (7 - 1) + (-50 - -47)?
3
What is the value of (-2 - 2) + (4 - -1 - -6)?
7
(9 - 3 - (6 + 0)) + -4
-4
What is -77 - -82 - (1 + -1 - -3)?
2
What is (-9 - -2) + (9 - 0)?
2
Calculate 1 + 1 + -6 + 6.
2
What is the value of -6 + (12 - 4 - -5)?
7
Evaluate -4 - (-9 - (0 + (-2 - -2))).
5
Evaluate -1 - ((3 - 0) + -6 + 2).
0
-2 + 8 + -96 + 98
8
What is the value of -3 - 0 - (5 + -5 + -2)?
-1
Calculate 3 + -3 - (-5 - -1 - 1).
5
Calculate -2 - 5 - (-21 + 7) - -3.
10
Calculate -6 - (-6 - 8 - -11).
-3
What is 15 + -5 + -2 - (2 - -1)?
5
What is the value of (0 - 0) + 0 + -3 + -1?
-4
What is the value of 8 - (3 + 7 - 7)?
5
What is 0 - -4 - ((-11 - 0) + 11)?
4
What is (4 - 8 - (0 - 6)) + -1?
1
What is -21 + 15 + 2 + (1 - 0)?
-3
Calculate -4 + 2 + -1 + (-4 - -3).
-4
What is the value of -2 - 0 - (-1 - -2) - -5?
2
(0 - -3) + (-54 - -53)
2
Evaluate -12 + 18 - (-2 - -8).
0
Evaluate 1 + 2 + -2 - -2.
3
What is the value of (2 - 0 - (-9 - -16)) + 12?
7
Calculate -1 + 0 - -2 - (2 + 3).
-4
What is the value of (-4 - -10) + 0 + -8?
-2
What is 2 - (4 + 1 + 2)?
-5
What is (2 - -7) + (-18 - -13)?
4
9 - (-1 - (-2 - 4))
4
What is the value of (-5 - -6) + -12 + (1 - -3)?
-7
What is the value of 6 + (2 - (11 + -8))?
5
What is the value of 2 - (-6 - -2) - (16 + -5)?
-5
Calculate (3 - -4) + -17 + (6 - 1).
-5
What is the value of -5 + (2 - (2 - 1)) - -2?
-2
What is the value of -4 + 5 + (-2 - -6)?
5
Calculate -4 - (-3 + 5 + -10) - 3.
1
4 + 5 + -6 + -1
2
0 - -1 - (-64 + 73)
-8
What is 4 - (1 + -5 + -1 - -10)?
-1
Calculate 2 - (-3 - (4 - 4)).
5
What is the value of -3 + (-11 - -10) - 3?
-7
Calculate -1 + 0 - 0 - -3 - -2.
4
(-6 - -12) + -4 + -5
-3
-8 - (1 + 1) - -12
2
Calculate -15 + (16 - 11) + 12.
2
What is the value of -19 + 22 + (-8 - -2)?
-3
Calculate 6 + (1 - (1 - -6)).
0
(-7 - -10) + -2 + -3 - 0
-2
8 - 1 - 7 - (-3 - -4)
-1
Calculate (1 - (-2 + 2)) + -5.
-4
-1 + 3 + 0 - -1
3
0 + 10 - (59 - 41)
-8
3 - ((13 - 3) + -5) - 2
-4
Calculate (-2 + 5 - -2) + 2 + -2.
5
What is -4 + -4 + (10 - 4) + 2?
0
10 - (12 - 5) - 6
-3
(1 - (-1 + 2)) + -1
-1
What is the value of 0 + 0 - (10 + -6 - 7)?
3
What is (1 - 2) + (25 - 28)?
-4
What is the value of (5 - 19) + -1 - -6?
-9
What is the value of (-2 - -16) + 29 + -37?
6
Calculate -1 + -1 + 5 + (-14 - -12).
1
Evaluate 7 + (1 - (4 - 0)) + -1.
3
Evaluate -1 + (-6 + 8 - 5).
-4
What is the value of 18 + (-4 + 4 - 12)?
6
Evaluate 1 - 17 - (-28 + 19).
-7
Calculate (1 + 8 + -7 - 0) + 7.
9
Evaluate -2 - 2 - ((-8 - -1) + 1).
2
(-20 - -10) + 5 - -2
-3
Evaluate 5 + 2 + -19 + (1 - -5).
-6
What is -7 + 5 - 1 - 4?
-7
What is -7 + (2 + -4 - -6)?
-3
Calculate 31 + -24 - (1 - -1).
5
Calculate (2 - 0 - 5) + 7.
4
-3 - (-5 + -3 - 2)
7
What is 3 - 11 - (-1 + (-1 - -1))?
-7
Calculate (10 - 8) + (2 - 6).
-2
Calculate 2 - (4 + -1) - 2.
-3
(10 - (4 + 6)) + -7
-7
What is (1 - 1) + -19 + 18?
-1
What is the value of 4 - ((-7 - -4 - -1) + 5)?
1
1 + 2 + (-101 - -102)
4
(1 - -1 - 0) + (-9 - -12)
5
What is (1 - 4) + (9 - 11)?
-5
Calculate (-4 - (1 - 3)) + 3.
1
Calculate -1 + (-2 - -5) - (-2 - -7).
-3
Calculate -2 + 16 + -11 + -10.
-7
Evaluate 1 - (-1 - 7) - 3.
6
1 - (1 - -3 - (-3 + 5))
-1
What is the value of 37 + -48 - (-6 + 0)?
-5
Calculate (1 - -1) + 0 + (2 - 0).
4
What is the value of 0 - -1 - -1 - (-4 + 5)?
1
Calculate 2 - 2 - -3 - (1 - 3).
5
Calculate -28 + 36 - (1 + 2).
5
-7 + (-14 - -13 - 3)
-11
Calculate 0 + (-8 - -3) + 2.
-3
What is the value of 152 + -141 - (9 + -1)?
3
What is -2 + 3 - 5 - (-6 + 1)?
1
What is 2 + 3 + 0 - (-2 + 3)?
4
What is -7 + (23 - 22) + (1 - -1)?
-4
What is -6 + (10 + -8 - 2) - 1?
-7
Calculate 0 + 4 + 5 + -7 + 4.
6
What is the value of 11 + 0 + -1 - 7?
3
What is 0 + 2 + -8 + 11 + -2?
3
Calculate (4 - 2) + 1 + (6 - 9).
0
What is the value of 2 - (5 + -1) - (-3 + -2)?
3
What is the value of -5 + (4 - 1) - (10 + -7)?
-5
Evaluate 18 - (-4 - -16) - (1 - -5).
0
What is 0 + 6 - (58 - 59)?
7
What is 5 - ((0 - -2) + -1)?
4
What is the value of -10 + 4 + 6 + -8?
-8
What is -11 - (-6 + 9 - 7) - 0?
-7
Calculate (-4 + (1 - -5) - -2) + -1.
3
What is the value of (5 - (-7 + 1)) + -8?
3
Calculate 1 + 9 + -5 + -4.
1
What is -7 - -11 - ((5 - 7) + 1)?
5
21 + -10 + -7 - (1 - 1)
4
Evaluate -38 + 38 - (4 + 1).
-5
What is 20 - 15 - (-1 + 11)?
-5
What is the value of 4 + (-2 - (-2 + -1))?
5
Calculate -3 - -1 - (4 - (1 + 0)).
-5
(-1 - 0 - (-4 + 0)) + -1
2
What is the value of 3 + 7 + -16 + 6?
0
4 + 0 - (3 - 5 - -2)
4
Calculate -4 - (0 + -4 - (-6 + 6)).
0
What is 2 + -1 + 3 + (2 - 2)?
4
1 - (-14 - -1 - -14)
0
What is the value of (0 - 3) + (-12 - -13) + 7?
5
Calculate (0 - (1 + -2)) + (10 - 12).
-1
What is (21 - 24) + (3 - 8)?
-8
What is the value of -13 + 2 + 2 - 0?
-9
Evaluate -1 + (1 - -1) - (10 - 8).
-1
What is the value of -6 - -2 - -4 - (4 - 5)?
1
Calculate -3 + 2 + 2 - -1.
2
What is the value of 1 + 0 + (-1 - (4 + -6))?
2
What is -3 - (-20 + 23 + 1 + -5)?
-2
What is the value of 0 + (0 + -4 - (0 + -3))?
-1
What is 0 + -4 + -2 + 9 + 3?
6
Calculate (0 + -4 - -3) + -3.
-4
Evaluate (-5 - 0) + 0 + 11.
6
Evaluate 4 + (-4 + 5 + -5 - 0).
0
-3 + 1 + 7 + (-6 - -2)
1
-8 + -1 + (5 - -1) + -3
-6
3 + -2 + -3 + 5
3
Calculate -3 + -1 - (-2 + 1).
-3
Calculate -2 - (8 - (-7 - -17)).
0
Calculate (-7 - -2) + 21 + -5 - 3.
8
Calculate 3 - (3 + (7 - 7)).
0
What is 6 - (7 - (6 + (5 - 11)))?
-1
Calculate (3 + -1 + 4 - 2) + -2.
2
Evaluate -2 + (4 - 4 - -2).
0
Evaluate (-6 - (3 + -8)) + 1 + 5.
5
Evaluate 2 - 0 - (3 - 5).
4
What is the value of 15 + (-7 + 14 - 17)?
5
What is the value of 7 + -10 + 0 + 4?
1
What is the value of (4 - 19 - -8) + 3?
-4
Calculate 6 - -6 - 7 - -6 - 2.
9
What is 0 + 2 + -4 + (0 - -4)?
2
What is the value of 1 + 5 + 4 - (9 + -3)?
4
(-6 - -5) + (1 - 0) - -3
3
-25 + 35 + (-6 - 1)
3
What is the value of 2 + 12 + -15 + 7?
6
Calculate -3 + 7 + 6 + -5.
5
7 + -3 + (-13 - -5)
-4
Evaluate 0 - ((-1 - 1 - -4) + 1).
-3
What is the value of 3 + -8 - -7 - -2?
4
Calculate 11 - (8 + 7 + -8).
4
What is (0 - 1) + -8 + (21 - 7)?
5
What is -4 - (-1 -